8?
True
Is 97628586 a multiple of 17?
True
Is 492822084 a multiple of 137?
False
Does 698 divide 601460318?
True
Does 6 divide 141590495?
False
Is 7 a factor of 23688635?
False
Is 123 a factor of 883237293?
True
Does 8 divide 214152477?
False
Is 291396032 a multiple of 316?
False
Does 54 divide 67003794?
True
Is 20 a factor of 597890197?
False
Is 44755424 a multiple of 184?
True
Is 1943859800 a multiple of 25?
True
Is 1445865009 a multiple of 687?
True
Does 112 divide 432664?
False
Is 1743928656 a multiple of 534?
True
Does 16 divide 18501744?
True
Is 2348134334 a multiple of 21?
False
Is 70618343 a multiple of 12?
False
Does 1635 divide 211394472?
False
Is 76316881 a multiple of 1455?
False
Is 12 a factor of 979860?
True
Does 10 divide 52982600?
True
Is 11974418 a multiple of 1006?
True
Does 13 divide 1225293263?
False
Does 1429 divide 4515640?
True
Is 120 a factor of 162373200?
True
Is 336656721 a multiple of 11?
False
Is 8860724 a multiple of 2?
True
Does 688 divide 16189328?
True
Is 3903 a factor of 544866876?
False
Is 181800973 a multiple of 70?
False
Is 37122331 a multiple of 360?
False
Is 41 a factor of 1350626654?
False
Is 80 a factor of 15842560?
True
Is 1167694 a multiple of 205?
False
Is 10 a factor of 8341489?
False
Is 207705435 a multiple of 57?
True
Is 1589557 a multiple of 7?
False
Is 650989888 a multiple of 642?
False
Is 790 a factor of 9481858?
False
Is 137 a factor of 41537304?
True
Does 6 divide 725580298?
False
Does 17 divide 738838586?
False
Does 2124 divide 56804527?
False
Is 393 a factor of 3114815022?
False
Is 136889882 a multiple of 391?
True
Is 37 a factor of 348733806?
True
Does 466 divide 636063381?
False
Is 102 a factor of 11324674?
False
Is 469 a factor of 252652587?
False
Does 373 divide 393758351?
False
Does 3276 divide 1123942021?
False
Is 3251 a factor of 10669875?
False
Is 254 a factor of 13621766?
True
Is 75 a factor of 149771?
False
Does 10 divide 50133061?
False
Does 121 divide 1534986025?
False
Is 45 a factor of 205432875?
True
Is 160 a factor of 645394681?
False
Is 27325738 a multiple of 17?
False
Is 307 a factor of 197534079?
False
Is 13750260 even?
True
Is 116548218 a multiple of 18?
True
Is 60479111 a multiple of 1630?
False
Is 3 a factor of 22879470?
True
Is 718843503 a multiple of 14?
False
Does 487 divide 33265509?
True
Is 119848752 a multiple of 54?
False
Does 830 divide 105997268?
False
Is 2746 a factor of 39894421?
False
Does 2 divide 13520464?
True
Does 54 divide 1259673174?
True
Does 21 divide 51786609?
True
Is 93 a factor of 1823404314?
True
Is 7 a factor of 456688974?
True
Is 109 a factor of 61949098?
False
Is 7020813 a multiple of 493?
True
Is 2090504548 a multiple of 11?
True
Does 20 divide 86455946?
False
Is 1618203973 a multiple of 20?
False
Is 231756584 even?
True
Is 24 a factor of 14278159?
False
Does 1190 divide 254940944?
False
Does 11 divide 22647291?
False
Is 817 a factor of 3285058825?
False
Is 64466145 a multiple of 369?
True
Is 333 a factor of 11901753?
True
Is 2809683271 a multiple of 5059?
False
Is 32 a factor of 39740800?
True
Is 83 a factor of 44918604?
True
Is 6 a factor of 734106197?
False
Does 254 divide 2180177753?
False
Is 23 a factor of 10471570?
False
Is 520718709 a multiple of 21?
True
Is 12406383 a multiple of 2923?
False
Is 5290 a factor of 39031059?
False
Does 11 divide 57365695?
False
Is 18943100 a multiple of 17?
True
Does 64 divide 8380800?
True
Is 1587698034 a multiple of 221?
True
Does 42 divide 1267851?
False
Is 3315006 a multiple of 171?
True
Is 5013729 a multiple of 431?
False
Is 6643153 a multiple of 19?
False
Is 26918165 a multiple of 16?
False
Is 61517351 a multiple of 9?
False
Does 8 divide 3337436488?
True
Is 35061645 a multiple of 219?
False
Does 1466 divide 124112298?
False
Is 13217640 a multiple of 46?
True
Is 244 a factor of 304204680?
False
Is 175004037 a multiple of 78?
False
Does 3054 divide 58693025?
False
Is 280 a factor of 46799839?
False
Is 25 a factor of 24150175?
True
Is 82734033 a multiple of 2441?
False
Does 1020 divide 112035780?
True
Is 2270726 a multiple of 2?
True
Does 1154 divide 694694152?
True
Is 222520473 a multiple of 2727?
True
Is 16 a factor of 28471728?
True
Does 124 divide 21964864?
True
Is 2089 a factor of 751160860?
False
Is 28731573 a multiple of 333?
True
Is 11835164 a multiple of 1288?
False
Is 180 a factor of 46267380?
True
Is 35141340 a multiple of 52?
True
Is 12674509 a multiple of 5?
False
Is 17907887 a multiple of 132?
False
Does 22 divide 369367517?
False
Does 61 divide 368238010?
False
Is 22 a factor of 54384767?
False
Is 299 a factor of 56972892?
False
Is 1287516748 a multiple of 811?
False
Does 13 divide 2087018325?
False
Does 198 divide 14646060?
True
Does 551 divide 146734086?
False
Is 4 a factor of 27420104?
True
Does 8416 divide 1417540544?
True
Is 53207008 a multiple of 188?
True
Is 42164303 a multiple of 1302?
False
Is 110 a factor of 1035153867?
False
Does 14 divide 9792128?
False
Does 257 divide 18209296?
False
Does 10911 divide 1291878934?
False
Is 178 a factor of 84148541?
False
Is 30936657 a multiple of 45?
False
Is 253 a factor of 58270707?
True
Is 515 a factor of 77634190?
True
Does 569 divide 1509688053?
False
Is 74450772 a multiple of 261?
True
Is 5 a factor of 476079800?
True
Is 26 a factor of 591694142?
True
Is 6318288 a multiple of 3?
True
Is 1526 a factor of 7791756?
True
Is 182 a factor of 76845512?
False
Is 99 a factor of 349756407?
True
Is 2724430 a multiple of 20?
False
Is 28 a factor of 1343274912?
True
Is 19 a factor of 116202784?
True
Does 3167 divide 75833815?
True
Is 92 a factor of 7837017?
False
Is 88402271 a multiple of 96?
False
Does 1754 divide 3487371206?
True
Is 41762689 a multiple of 542?
False
Is 152 a factor of 12022712?
False
Is 279 a factor of 4335125?
False
Is 403 a factor of 309267842?
True
Is 8114 a factor of 239874182?
True
Is 11 a factor of 246935348?
True
Is 1476076 a multiple of 17?
True
Is 9 a factor of 372740559?
False
Is 7006 a factor of 726059804?
True
Is 5 a factor of 41028710?
True
Is 9 a factor of 168056?
False
Is 1391183609 a multiple of 160?
False
Is 7102 a factor of 545026321?
False
Is 22 a factor of 1166901107?
False
Is 124 a factor of 445743420?
True
Is 41022916 a multiple of 239?
True
Does 43 divide 97706019?
True
Does 218 divide 22601150?
True
Is 3609 a factor of 4035509?
False
Does 888 divide 20337031?
False
Does 218 divide 19332511?
False
Does 26 divide 27425579?
False
Is 1023 a factor of 50499372?
True
Does 24 divide 870709488?
True
Is 246 a factor of 68345440?
False
Is 10 a factor of 843597440?
True
Is 6963764 a multiple of 86?
True
Does 5655 divide 337569570?
True
Is 19 a factor of 14609983?
False
Is 5270 a factor of 1493855280?
True
Is 2044 a factor of 18207752?
False
Does 2095 divide 580563732?
False
Is 512640076 a multiple of 932?
True
Is 1552596042 a multiple of 6?
True
Does 59 divide 35144?
False
Is 29449403 a multiple of 12?
False
Is 44700266 a multiple of 206?
False
Does 2315 divide 47767710?
True
Is 40 a factor of 3737600?
True
Is 6 a factor of 78387743?
False
Does 63 divide 72653364?
True
Does 161 divide 76167651?
True
Is 660 a factor of 423160989?
False
Is 555583250 a multiple of 125?
True
Does 1417 divide 42954938?
True
Is 41169670 a multiple of 21?
False
Is 7318560 a multiple of 12?
True
Does 1178 divide 329946739?
False
Is 13 a factor of 3701256?
True
Is 3557 a factor of 3936716864?
True
Does 10 divide 235788427?
False
Does 2520 divide 4672235?
False
Does 667 divide 76585345?
False
Is 242 a factor of 16079206?
True
Is 303690448 a multiple of 16?
True
Is 5 a factor of 66152711?
False
Is 711 a factor of 1639177404?
False
Does 341 divide 56010955?
True
Is 27478065 a multiple of 107?
False
Is 307 a factor of 437660997?
False
Is 59491593 a multiple of 18?
False
Is 17108410 a multiple of 1015?
False
Is 58264773 a multiple of 57?
True
Is 108171075 a multiple of 75?
True
Does 117 divide 129534912?
True
Does 6 divide 29719697?
False
Is 189 a factor of 1481268033?
True
Is 13 a factor of 13737640?
False
Does 49 divide 189773808?
False
Is 12 a factor of 1433383476?
True
Does 56 divide 106461320?
True
Does 109 divide 1985435?
True
Does 133 divide 16457877?
False
Is 29186703 a multiple of 50?
False
Does 511 divide 148219638?
True
Is 2 a facto